 + i - 163 + 24, 0 = 3*i + 6. Let d = 623 + -435. Calculate the greatest common divisor of d and k.
47
Let m = -30 - -78. Let d(u) = 11*u**2 - 2*u + 3. Let j be d(-3). What is the greatest common divisor of m and j?
12
Suppose -3*r + 2*q + 13377 = 1336, 5*r = 4*q + 20073. Calculate the highest common factor of r and 95.
19
Let u(m) = 40*m - 131. Let p be u(8). Suppose 4*b - 188 = 4*x, 2*x + x + 183 = 4*b. Suppose 5*q + b = 7*q. Calculate the highest common factor of q and p.
21
Let n be -4 + 6/1 + 4. Suppose -45 = a - n*a. Let g be a/(36/520) + 2. What is the greatest common divisor of g and 33?
33
Let p be -3*(-5)/(-15) + 61. Suppose 5*m + p = 310. Calculate the greatest common divisor of m and 25.
25
Let c = -87 - -87. Suppose c = 4*m + 4*b + 392, 190 = -3*m - 2*b - 101. Let w = m + 159. What is the highest common divisor of w and 48?
16
Suppose 5*z - 2*o - 241 - 35 = 0, 4*z - 210 = -2*o. Calculate the highest common divisor of 3294 and z.
54
Let n be (110/3)/((-4)/(-18)). Suppose 3*s - 13 = -2*j + 10, -s + 3*j + 15 = 0. Suppose s*z - 85 = 50. Calculate the greatest common factor of z and n.
15
Let o = 20255 - 19814. Calculate the highest common factor of 6363 and o.
63
Let b be (4/(-6))/((-8)/108). Let k(p) = -6*p + 57. Suppose 2*t + 2*h = -3 + 9, 3*t - h = 17. Let m be k(t). Calculate the greatest common factor of m and b.
9
Suppose 4*q - 19 = a, q + 11*a = 8*a - 5. Suppose -3*i - 149 + 1301 = 3*u, -q*u + 1535 = 5*i. Calculate the highest common factor of 70 and u.
35
Suppose 15*t - 12*t - 1092 = 0. Suppose -3*q - 67 = -t. Calculate the greatest common factor of 18 and q.
9
Let x be -3*2/(-15) - 2728/(-5). Suppose 4*v = 4*k - 632, 111*k = 110*k - 3*v + 150. Calculate the greatest common divisor of x and k.
78
Let d(z) = z**2 + 4*z + 5. Let v be d(-4). Suppose 0*m + l + 57 = 4*m, l - 69 = -v*m. Let b = 1474 - 1432. What is the highest common divisor of m and b?
14
Let s(u) = 2*u**3 - 7*u + 3. Let c be s(5). Let l = -43 + c. Let p = -9008 - -9043. What is the greatest common factor of p and l?
35
Let i be 4/(-14)*(-16 - -2). Let z be 1 - 1*(i - 45). What is the greatest common factor of 126 and z?
42
Let f be (-6)/3 + 8/4. Suppose 7*u + 13 + 50 = f. Let w(b) = -b**2 - 9*b + 8. Let s be w(u). What is the greatest common factor of s and 88?
8
Let j(f) = -f**3 - 40*f**2 - 76*f + 45. Suppose -u = 2*o - 0*u + 81, 0 = -o - 4*u - 58. Let d be j(o). Calculate the highest common factor of d and 60.
15
Suppose 218*m = 183*m + 210 + 9240. What is the greatest common factor of 3618 and m?
54
Suppose y + 2*x = 372, 2*x = y - 149 - 235. Calculate the greatest common factor of y and 2142.
126
Suppose k - 5*t + 2*t = -437, k - t = -435. Let m = 488 + k. What is the highest common divisor of 288 and m?
18
Let y(m) = -50*m - 1. Let b be y(-2). Let c = -64 + b. Suppose -344 = -5*n - 3*j, 32 + 30 = n + 4*j. Calculate the greatest common factor of n and c.
35
Let f = -308 + 336. Suppose f = 4*p - 44. What is the highest common factor of 120 and p?
6
Let g = -207 - -209. Suppose g*l = 2*k - 56, -k = -0*k - 2*l - 28. Calculate the highest common factor of k and 154.
14
Let m be 24/(-10)*555/(-74). Suppose 7 = 2*d + 4*p - 833, -2067 = -5*d + p. Calculate the highest common factor of d and m.
18
Suppose 6*u - 8*u = 44. Let i = u - -102. Calculate the greatest common divisor of i and 60.
20
Suppose 25*l + 25*l - 500 = 0. Let p be l/(-45)*(19 + -406). Let w = 254 - 125. What is the highest common factor of w and p?
43
Let y(g) = -4*g + 53. Let w be y(19). Let a = w + 29. What is the greatest common divisor of a and 8?
2
Let c be ((-27)/2)/(6*5/(-440)). Suppose 12 = -4*k, -10*p - 2*k + c = -6*p. What is the greatest common divisor of 408 and p?
51
Let c = 3617 - 2594. What is the highest common factor of c and 66?
33
Suppose 0 = -3*c - 3*y + 284 + 121, 2*y = -3*c + 410. Calculate the greatest common factor of 224 and c.
28
Let w(m) = -m**3 + 5*m**2 + 3*m - 2. Let k be 5 + (2 + -2 - (1 + -1)). Let o be w(k). What is the greatest common factor of 221 and o?
13
Suppose 8779 = z - 2*d, d = 4*z + 20423 - 55532. What is the greatest common factor of 536 and z?
67
Suppose -5*b + 17 = -23. Let c be (-6 + b)/(2/(-12)). Let k(o) = -o - 1. Let p be k(c). What is the highest common divisor of p and 44?
11
Suppose -25*i = -22*i + 15, 2*u + 5*i + 145 = 0. Let o = 66 + u. Let k(f) = 4*f**3 - 2*f + 1. Let d be k(1). What is the greatest common factor of d and o?
3
Let i = 20290 + -20147. What is the highest common factor of i and 9581?
143
Suppose -114 = -5*o - 89. Let i be 1/((-23418)/5856 + o - 1). Calculate the highest common divisor of i and 61.
61
Let v be ((-108888)/(-36))/26 + (-4)/(-6). What is the highest common divisor of v and 52?
13
Let y(q) = -q**2 - 20*q + 114. Let c be y(-24). What is the greatest common factor of c and 39?
3
Let d(s) = 3*s**3 - s**2 - 4*s + 23324. Let y be d(0). Calculate the highest common divisor of y and 68.
68
Let u(n) = 3*n**3 - 2*n**2 + 3*n. Let t be u(2). Suppose -t = -4*g - 7*g. Let x(c) = 15*c - 7. Let i be x(3). Calculate the highest common divisor of g and i.
2
Let l = -1982 - -2030. What is the greatest common divisor of l and 272?
16
Let o = 57 + -112. Let u = -99 - o. Let h = u - -100. What is the greatest common divisor of 14 and h?
14
Let g be 13*5 + -142 + 139. What is the highest common factor of 3317 and g?
31
Suppose 141*r - 16371 - 9009 = 0. Calculate the greatest common factor of r and 9810.
90
Suppose 54*n = 45*n + 36. What is the greatest common factor of n and 500?
4
Let n(p) = -71*p**3 - p**2 - p - 1. Let y be n(-1). Suppose -8*s + y = -7*s. Calculate the greatest common factor of s and 770.
70
Suppose 0*a - 5*b = -2*a + 35, 5*a = -4*b + 5. Let q be a + -3 + (-3)/(-6)*74. Suppose -13*n + 156 = -q. Calculate the greatest common factor of 150 and n.
15
Let q = -6270 - -6442. Calculate the greatest common factor of q and 1333.
43
Let q = -6091 + 6467. What is the greatest common divisor of q and 423?
47
Let w = 5177 - 3402. What is the greatest common factor of w and 284?
71
Let m(b) = b**3 - 34*b**2 + 4*b + 294. Let j be m(39). What is the highest common divisor of j and 15?
15
Let r(i) = i**3 + 56*i**2 - 114*i + 171. Let c be r(-58). What is the greatest common divisor of 115 and c?
5
Let g be (328/(-205))/((-4)/75). What is the greatest common divisor of 1460 and g?
10
Let v = -616 + 630. Let n(f) = 23*f + 59. Let s be n(9). Calculate the highest common divisor of s and v.
14
Let l = -4347 + 4377. Calculate the highest common divisor of 1065 and l.
15
Let l be 5642/1638 + (-8)/18. Calculate the highest common factor of 233 and l.
1
Suppose -2*z - s + 72 = -45, 0 = 2*z - 2*s - 108. Suppose -2*g + 144 = -3*a, z = 4*g + a - 217. What is the greatest common divisor of 92 and g?
23
Suppose 12*u = -17*u + 6815. Let z = 281 - u. What is the highest common factor of z and 138?
46
Suppose 88*c + 6468 = 137*c. Calculate the highest common factor of c and 891.
33
Suppose -4*o - 2*k = -43718, 0 = o + 2*k - 14022 + 3100. What is the highest common divisor of 12 and o?
12
Let o be 36/10*17080/168. What is the highest common divisor of 54 and o?
6
Suppose 4*v = -3*y + 42, 5*v - 2*y + 3*y - 47 = 0. Let b = -19 - -30. Let n = -10 + b. What is the highest common divisor of v and n?
1
Let r = 9241 - 8941. Calculate the highest common divisor of 2775 and r.
75
Let o = -18329 - -18690. Let v(t) = -5*t - 6. Let h be v(-5). What is the greatest common divisor of o and h?
19
Let o be -6*3/15*(-30)/12. Suppose 6 = o*f - 5*a, -2*f + a - 3*a = -4. What is the greatest common factor of 7 and f?
1
Suppose -113*s = -127*s + 672. Calculate the greatest common divisor of 372 and s.
12
Let m = -12 - -15. Suppose 2*p - 158 = -4*b, -4*p + 23 - 169 = -m*b. Calculate the greatest common factor of b and 231.
21
Suppose 3*p = k - 1916, 5*p = 2*k - 0*p - 3835. Suppose 3*d + 2*d = k. Suppose d - 1585 = -6*j. Calculate the highest common factor of 25 and j.
25
Let w(y) be the first derivative of 11*y + 10*y**2 + 9*y + 0*y - 1. Let g be w(5). Calculate the greatest common divisor of g and 30.
30
Let o = 249 + 63. Let b = 333 - o. Calculate the highest common divisor of b and 70.
7
Let c(z) = -5*z**3 + 6*z**2 + 11*z - 64. Let b be c(-9). What is the greatest common